{"id":40,"date":"2010-08-14T17:24:55","date_gmt":"2022-08-02T01:32:07","guid":{"rendered":"http:\/\/n.fundacionpalm.org\/index.php\/cesar-ivan-feris-iglesias\/"},"modified":"2022-08-01T21:32:07","modified_gmt":"2022-08-02T01:32:07","slug":"cesar-ivan-feris-iglesias","status":"publish","type":"page","link":"https:\/\/fundacionpalm.org\/index.php\/cesar-ivan-feris-iglesias\/","title":{"rendered":"C\u00e9sar Iv\u00e1n Feris Iglesias"},"content":{"rendered":"<p><em><img loading=\"lazy\" decoding=\"async\" class=\" alignleft size-full wp-image-39\" alt=\"cesar feris iglesias\" data-align=\"left\" data-entity-type=\"file\" data-entity-uuid=\"df23eb49-294f-48a9-a3b6-08a26e0f8602\" src=\"http:\/\/n.fundacionpalm.org\/wp-content\/uploads\/2022\/08\/cesarivanferis1.gif\" width=\"230\" height=\"204\" \/>Arquitecto, conservador, investigador, cr\u00edtico de arte, catedr\u00e1tico, esposo, padre y abuelo.<\/em><\/p>\n<p>&nbsp;Naci\u00f3 el 30 de abril del 1940, en la ciudad de San Pedro de Macor\u00eds, R. D. Es el tercer hijo del matrimonio formado por el Sr. Ricardo Feris Elm\u00fadesi y la Sra. Josefina Amalia Iglesias Armenteros. Est\u00e1 casado con la Sra. Ingrid Margarita Paiewonsky Marchena, con quien procre\u00f3 tres hijos: Rosal\u00eda, Ricardo Alberto y C\u00e9sar Iv\u00e1n. Se gradu\u00f3 de arquitecto en la Universidad de Santo Domingo, hoy UASD, en 1966, pasando a formar parte de la segunda generaci\u00f3n de arquitectos dominicanos. Durante los a\u00f1os 1967 y 1968, continu\u00f3 sus estudios en Italia, donde hizo cursos de post-grado en protecci\u00f3n de bienes culturales, y se gradu\u00f3 de Doctor en arquitectura en la Universidad de los Estudios de Roma. Durante su estad\u00eda en Europa, tom\u00f3 cursos sobre arte bizantino, en la &#8220;Universidad de Bolonia&#8221; en Ravena, sobre protecci\u00f3n de centros hist\u00f3ricos; y sobreprotecci\u00f3n de paisajes naturales en Espalato, Yugoslavia. M\u00e1s adelante particip\u00f3 en un Seminario sobre ingenier\u00eda y Arquitectura, en Israel, y otro sobre protecci\u00f3n de monumentos, en Antigua y Guatemala, a trav\u00e9s de la Organizaci\u00f3n de Estados Americanos (OEA). Todo este esfuerzo determin\u00f3, sin lugar a dudas, su s\u00f3lida y vasta formaci\u00f3n intelectual.<\/p>\n","protected":false},"excerpt":{"rendered":"<p>Arquitecto, conservador, investigador, cr\u00edtico de arte, catedr\u00e1tico, esposo, padre y abuelo. &nbsp;Naci\u00f3 el 30 de abril del 1940, en la ciudad de San Pedro de Macor\u00eds, R. D. Es el tercer hijo del matrimonio formado por el Sr. Ricardo Feris Elm\u00fadesi y la Sra. Josefina Amalia Iglesias Armenteros. Est\u00e1 casado con la Sra. Ingrid Margarita [&hellip;]<\/p>\n","protected":false},"author":1,"featured_media":39,"parent":0,"menu_order":0,"comment_status":"closed","ping_status":"closed","template":"","meta":{"footnotes":""},"class_list":["post-40","page","type-page","status-publish","has-post-thumbnail","hentry"],"_links":{"self":[{"href":"https:\/\/fundacionpalm.org\/index.php\/wp-json\/wp\/v2\/pages\/40","targetHints":{"allow":["GET"]}}],"collection":[{"href":"https:\/\/fundacionpalm.org\/index.php\/wp-json\/wp\/v2\/pages"}],"about":[{"href":"https:\/\/fundacionpalm.org\/index.php\/wp-json\/wp\/v2\/types\/page"}],"author":[{"embeddable":true,"href":"https:\/\/fundacionpalm.org\/index.php\/wp-json\/wp\/v2\/users\/1"}],"replies":[{"embeddable":true,"href":"https:\/\/fundacionpalm.org\/index.php\/wp-json\/wp\/v2\/comments?post=40"}],"version-history":[{"count":0,"href":"https:\/\/fundacionpalm.org\/index.php\/wp-json\/wp\/v2\/pages\/40\/revisions"}],"wp:featuredmedia":[{"embeddable":true,"href":"https:\/\/fundacionpalm.org\/index.php\/wp-json\/wp\/v2\/media\/39"}],"wp:attachment":[{"href":"https:\/\/fundacionpalm.org\/index.php\/wp-json\/wp\/v2\/media?parent=40"}],"curies":[{"name":"wp","href":"https:\/\/api.w.org\/{rel}","templated":true}]}}