{"id":37,"date":"2010-08-14T17:24:55","date_gmt":"2022-08-01T20:38:47","guid":{"rendered":"http:\/\/n.fundacionpalm.org\/index.php\/fundadores\/"},"modified":"2022-08-16T18:01:31","modified_gmt":"2022-08-16T22:01:31","slug":"fundadores","status":"publish","type":"page","link":"https:\/\/fundacionpalm.org\/index.php\/fundadores\/","title":{"rendered":"Fundadores"},"content":{"rendered":"<p>En el 2001, la Fundaci\u00f3n fue seleccionada por la Junta de Andaluc\u00eda, de Sevilla, Espa\u00f1a, para la recopilaci\u00f3n, investigaci\u00f3n y producci\u00f3n del contenido de la Gu\u00eda de Arquitectura de Santo Domingo, un proyecto editorial que forma parte de la colecci\u00f3n de publicaciones sobre ciudades iberoamericanas que auspicia la Junta de Andaluc\u00eda.<br \/>\n<!--more--><\/p>\n<p>Como parte de los requisitos para establecer un marco de colaboraci\u00f3n, fue imprescindible constituir la Fundaci\u00f3n en una Organizaci\u00f3n No Gubernamental de manera legal dentro de las leyes de la Rep\u00fablica Dominicana. Mediante el Decreto del Poder Ejecutivo No. 1131-01 de fecha 20 de noviembre de 2001, la Fundaci\u00f3n qued\u00f3 establecida oficialmente como &#8220;Fundaci\u00f3n Erwin Walter Palm, Inc.&#8221; y los miembros fundadores del organismo pasan a ser siete:<\/p>\n<p>Jos\u00e9 Enrique Delmonte, Jordi Masalles Pere, Gamal Michel\u00e9n Stefan, Giovanna Riggio Olivares, Mauricia Dom\u00ednguez, Lourdes Periche y Elizardo Ruiz.<\/p>\n<p>La demanda de solicitudes para el ingreso de miembros a la Fundaci\u00f3n y la necesidad de ampliar las fronteras para nuevos proyectos fuera del territorio dominicano, ha incidido en que la instituci\u00f3n introduzca cambios que benefician su propia estructura y su radio de acci\u00f3n. Desde 2009 la instituci\u00f3n ha pasado a llamarse de manera oficial Fundaci\u00f3n Palm, Inc., como una forma de honrar la memoria tanto de Erwin Walter Palm como de su esposa de toda una vida Hilde Domin (originalmente Hilde Palm, pero cambi\u00f3 su apellido por el de &#8220;Domin&#8221; como forma de agradecimiento a la tierra que les dio refugio durante la Segunda Guerra Mundial -Santo Domingo-).<\/p>\n","protected":false},"excerpt":{"rendered":"<p>En el 2001, la Fundaci\u00f3n fue seleccionada por la Junta de Andaluc\u00eda, de Sevilla, Espa\u00f1a, para la recopilaci\u00f3n, investigaci\u00f3n y producci\u00f3n del contenido de la Gu\u00eda de Arquitectura de Santo Domingo, un proyecto editorial que forma parte de la colecci\u00f3n de publicaciones sobre ciudades iberoamericanas que auspicia la Junta de Andaluc\u00eda.<\/p>\n","protected":false},"author":1,"featured_media":0,"parent":0,"menu_order":0,"comment_status":"closed","ping_status":"closed","template":"","meta":{"footnotes":""},"class_list":["post-37","page","type-page","status-publish","hentry"],"_links":{"self":[{"href":"https:\/\/fundacionpalm.org\/index.php\/wp-json\/wp\/v2\/pages\/37","targetHints":{"allow":["GET"]}}],"collection":[{"href":"https:\/\/fundacionpalm.org\/index.php\/wp-json\/wp\/v2\/pages"}],"about":[{"href":"https:\/\/fundacionpalm.org\/index.php\/wp-json\/wp\/v2\/types\/page"}],"author":[{"embeddable":true,"href":"https:\/\/fundacionpalm.org\/index.php\/wp-json\/wp\/v2\/users\/1"}],"replies":[{"embeddable":true,"href":"https:\/\/fundacionpalm.org\/index.php\/wp-json\/wp\/v2\/comments?post=37"}],"version-history":[{"count":1,"href":"https:\/\/fundacionpalm.org\/index.php\/wp-json\/wp\/v2\/pages\/37\/revisions"}],"predecessor-version":[{"id":255,"href":"https:\/\/fundacionpalm.org\/index.php\/wp-json\/wp\/v2\/pages\/37\/revisions\/255"}],"wp:attachment":[{"href":"https:\/\/fundacionpalm.org\/index.php\/wp-json\/wp\/v2\/media?parent=37"}],"curies":[{"name":"wp","href":"https:\/\/api.w.org\/{rel}","templated":true}]}}

<p>En el 2001, la Fundación fue seleccionada por la Junta de Andalucía, de Sevilla, España, para la recopilación, investigación y producción del contenido de la Guía de Arquitectura de Santo Domingo, un proyecto editorial que forma parte de la colección de publicaciones sobre ciudades iberoamericanas que auspicia la Junta de Andalucía.<br />
<!--more--></p>
<p>Como parte de los requisitos para establecer un marco de colaboración, fue imprescindible constituir la Fundación en una Organización No Gubernamental de manera legal dentro de las leyes de la República Dominicana. Mediante el Decreto del Poder Ejecutivo No. 1131-01 de fecha 20 de noviembre de 2001, la Fundación quedó establecida oficialmente como &#8220;Fundación Erwin Walter Palm, Inc.&#8221; y los miembros fundadores del organismo pasan a ser siete:</p>
<p>José Enrique Delmonte, Jordi Masalles Pere, Gamal Michelén Stefan, Giovanna Riggio Olivares, Mauricia Domínguez, Lourdes Periche y Elizardo Ruiz.</p>
<p>La demanda de solicitudes para el ingreso de miembros a la Fundación y la necesidad de ampliar las fronteras para nuevos proyectos fuera del territorio dominicano, ha incidido en que la institución introduzca cambios que benefician su propia estructura y su radio de acción. Desde 2009 la institución ha pasado a llamarse de manera oficial Fundación Palm, Inc., como una forma de honrar la memoria tanto de Erwin Walter Palm como de su esposa de toda una vida Hilde Domin (originalmente Hilde Palm, pero cambió su apellido por el de &#8220;Domin&#8221; como forma de agradecimiento a la tierra que les dio refugio durante la Segunda Guerra Mundial -Santo Domingo-).</p>

<p>En el 2001, la Fundación fue seleccionada por la Junta de Andalucía, de Sevilla, España, para la recopilación, investigación y producción del contenido de la Guía de Arquitectura de Santo Domingo, un proyecto editorial que forma parte de la colección de publicaciones sobre ciudades iberoamericanas que auspicia la Junta de Andalucía.</p>
