{"id":33,"date":"2010-08-14T17:24:55","date_gmt":"2022-08-01T19:46:11","guid":{"rendered":"http:\/\/n.fundacionpalm.org\/index.php\/la-fundacion\/"},"modified":"2022-08-30T22:25:07","modified_gmt":"2022-08-31T02:25:07","slug":"la-fundacion","status":"publish","type":"page","link":"https:\/\/fundacionpalm.org\/index.php\/la-fundacion\/","title":{"rendered":"La Fundaci\u00f3n"},"content":{"rendered":"<p>La Fundaci\u00f3n Erwin Walter Palm, Inc.,es una organizaci\u00f3n no gubernamental sin fines de lucro establecida en Santo Domingo, Rep\u00fablica Dominicana, dedicada al estudio, investigaci\u00f3n, divulgaci\u00f3n y promoci\u00f3n del patrimonio cultural y natural, con especial inter\u00e9s en la arquitectura, el urbanismo, la literatura y la conservaci\u00f3n en la Rep\u00fablica Dominicana.<br \/>\n<!--more--><\/p>\n<p>La Fundaci\u00f3n Erwin Walter Palm, Inc.,es una organizaci\u00f3n no gubernamental sin fines de lucro establecida en Santo Domingo, Rep\u00fablica Dominicana, dedicada al estudio, investigaci\u00f3n, divulgaci\u00f3n y promoci\u00f3n del patrimonio cultural y natural, con especial inter\u00e9s en la arquitectura, el urbanismo, la literatura y la conservaci\u00f3n en la Rep\u00fablica Dominicana.<\/p>\n<p>Su nombre es un homenaje a la memoria de Erwin Walter Palm, inmigrante jud\u00edo-alem\u00e1n que durante la Segunda Guerra Mundial se refugi\u00f3 en Rep\u00fablica Dominicana y, junto a su esposa Hilde, desarroll\u00f3 una importante labor de investigaci\u00f3n de la arquitectura colonial de Santo Domingo. En 1954 public\u00f3 su obra <strong>Los monumentos arquitect\u00f3nicos de La Espa\u00f1ola<\/strong>, con fotograf\u00edas de Hilde, un recuento de sus investigaciones en la Ciudad Primada de Am\u00e9rica.<\/p>\n<p>Erwin luego extendi\u00f3 sus investigaciones a otros puntos del continente, en especial M\u00e9xico, donde dirigi\u00f3 trabajos de arqueolog\u00eda en Oaxaca, y fue invitado asiduamente a congresos especializados en distintos pa\u00edses de la regi\u00f3n. \u00a0Hilde, por su lado, descubri\u00f3 en Santo Domingo su pasi\u00f3n por la escritura y lleg\u00f3 a convertirse en una de las poetisas m\u00e1s importantes de la posguerra en lengua alemana. \u00a0Cambi\u00f3 su apellido a Domin, en homenaje a Santo Domingo, la tierra que les acogi\u00f3 en el momento m\u00e1s crucial de sus vidas.<\/p>\n<p><a href=\"http:\/\/www.fundacionpalm.org\/drupal\/?q=node\/5\">Fundadores<\/a> * <a href=\"http:\/\/www.fundacionpalm.org\/drupal\/?q=node\/6\"> Integrantes<\/a> * <a href=\"http:\/\/www.fundacionpalm.org\/drupal\/?q=node\/9\">Eventos<\/a> * <a href=\"http:\/\/www.fundacionpalm.org\/drupal\/?q=node\/25\">Tertulia: Danilo<\/a> * <a href=\"http:\/\/www.fundacionpalm.org\/drupal\/?q=node\/7\">\u00c1mbito de Trabajo<\/a><\/p>\n","protected":false},"excerpt":{"rendered":"<p>La Fundaci\u00f3n Erwin Walter Palm, Inc.,es una organizaci\u00f3n no gubernamental sin fines de lucro establecida en Santo Domingo, Rep\u00fablica Dominicana, dedicada al estudio, investigaci\u00f3n, divulgaci\u00f3n y promoci\u00f3n del patrimonio cultural y natural, con especial inter\u00e9s en la arquitectura, el urbanismo, la literatura y la conservaci\u00f3n en la Rep\u00fablica Dominicana.<\/p>\n","protected":false},"author":1,"featured_media":0,"parent":0,"menu_order":0,"comment_status":"closed","ping_status":"closed","template":"","meta":{"footnotes":""},"class_list":["post-33","page","type-page","status-publish","hentry"],"_links":{"self":[{"href":"https:\/\/fundacionpalm.org\/index.php\/wp-json\/wp\/v2\/pages\/33","targetHints":{"allow":["GET"]}}],"collection":[{"href":"https:\/\/fundacionpalm.org\/index.php\/wp-json\/wp\/v2\/pages"}],"about":[{"href":"https:\/\/fundacionpalm.org\/index.php\/wp-json\/wp\/v2\/types\/page"}],"author":[{"embeddable":true,"href":"https:\/\/fundacionpalm.org\/index.php\/wp-json\/wp\/v2\/users\/1"}],"replies":[{"embeddable":true,"href":"https:\/\/fundacionpalm.org\/index.php\/wp-json\/wp\/v2\/comments?post=33"}],"version-history":[{"count":2,"href":"https:\/\/fundacionpalm.org\/index.php\/wp-json\/wp\/v2\/pages\/33\/revisions"}],"predecessor-version":[{"id":356,"href":"https:\/\/fundacionpalm.org\/index.php\/wp-json\/wp\/v2\/pages\/33\/revisions\/356"}],"wp:attachment":[{"href":"https:\/\/fundacionpalm.org\/index.php\/wp-json\/wp\/v2\/media?parent=33"}],"curies":[{"name":"wp","href":"https:\/\/api.w.org\/{rel}","templated":true}]}}