{"id":32,"date":"2010-08-14T17:24:55","date_gmt":"2022-08-01T19:44:09","guid":{"rendered":"http:\/\/n.fundacionpalm.org\/index.php\/objeto-principal\/"},"modified":"2022-08-01T15:44:09","modified_gmt":"2022-08-01T19:44:09","slug":"objeto-principal","status":"publish","type":"page","link":"https:\/\/fundacionpalm.org\/index.php\/objeto-principal\/","title":{"rendered":"Objeto Principal"},"content":{"rendered":"<p>El objeto principal de la Fundaci\u00f3n Palm, Inc., es el fomento de la investigaci\u00f3n, la divulgaci\u00f3n y promoci\u00f3n del patrimonio cultural y natural dominicanos y de la regi\u00f3n del Caribe, no siendo esto limitativo y a t\u00edtulo enunciativo se dedica a<\/p>\n<p>&#8211; Recopilar, investigar, divulgar, promover y publicar la obra y pensamiento de Erwin Walter Palm y de Hilde Domin mediante acciones y actividades nacionales e internacionales. &#8211; Desarrollar una labor de investigaci\u00f3n de la arquitectura, el urbanismo y la conservaci\u00f3n a nivel nacional e internacional.<\/p>\n<p>&nbsp;&#8211; Promover la creaci\u00f3n de la documentaci\u00f3n ordenada de la arquitectura y el urbanismo de la Rep\u00fablica Dominicana. &#8211; Organizar eventos que promuevan el conocimiento de los valores arquitect\u00f3nicos y urban\u00edsticos dominicanos, as\u00ed como de los valores del patrimonio cultural y natural de la naci\u00f3n.<\/p>\n<p>&nbsp;&#8211; Publicar trabajos de investigaci\u00f3n y estudios espec\u00edficos de la arquitectura y el urbanismo local. &#8211; Contribuir a la formaci\u00f3n de especialistas en el campo de la investigaci\u00f3n hist\u00f3rica, la teor\u00eda arquitect\u00f3nica, la literatura y la conservaci\u00f3n del patrimonio.<\/p>\n<p>&nbsp;&#8211; Asesorar al sector p\u00fablico y privado para el dise\u00f1o y construcci\u00f3n y conservaci\u00f3n de edificaciones que contribuyan al desarrollo urban\u00edstico tanto a nivel nacional como internacional.<\/p>\n","protected":false},"excerpt":{"rendered":"<p>El objeto principal de la Fundaci\u00f3n Palm, Inc., es el fomento de la investigaci\u00f3n, la divulgaci\u00f3n y promoci\u00f3n del patrimonio cultural y natural dominicanos y de la regi\u00f3n del Caribe, no siendo esto limitativo y a t\u00edtulo enunciativo se dedica a &#8211; Recopilar, investigar, divulgar, promover y publicar la obra y pensamiento de Erwin Walter [&hellip;]<\/p>\n","protected":false},"author":1,"featured_media":0,"parent":0,"menu_order":0,"comment_status":"closed","ping_status":"closed","template":"","meta":{"footnotes":""},"class_list":["post-32","page","type-page","status-publish","hentry"],"_links":{"self":[{"href":"https:\/\/fundacionpalm.org\/index.php\/wp-json\/wp\/v2\/pages\/32","targetHints":{"allow":["GET"]}}],"collection":[{"href":"https:\/\/fundacionpalm.org\/index.php\/wp-json\/wp\/v2\/pages"}],"about":[{"href":"https:\/\/fundacionpalm.org\/index.php\/wp-json\/wp\/v2\/types\/page"}],"author":[{"embeddable":true,"href":"https:\/\/fundacionpalm.org\/index.php\/wp-json\/wp\/v2\/users\/1"}],"replies":[{"embeddable":true,"href":"https:\/\/fundacionpalm.org\/index.php\/wp-json\/wp\/v2\/comments?post=32"}],"version-history":[{"count":0,"href":"https:\/\/fundacionpalm.org\/index.php\/wp-json\/wp\/v2\/pages\/32\/revisions"}],"wp:attachment":[{"href":"https:\/\/fundacionpalm.org\/index.php\/wp-json\/wp\/v2\/media?parent=32"}],"curies":[{"name":"wp","href":"https:\/\/api.w.org\/{rel}","templated":true}]}}

<p>El objeto principal de la Fundación Palm, Inc., es el fomento de la investigación, la divulgación y promoción del patrimonio cultural y natural dominicanos y de la región del Caribe, no siendo esto limitativo y a título enunciativo se dedica a</p>
<p>&#8211; Recopilar, investigar, divulgar, promover y publicar la obra y pensamiento de Erwin Walter Palm y de Hilde Domin mediante acciones y actividades nacionales e internacionales. &#8211; Desarrollar una labor de investigación de la arquitectura, el urbanismo y la conservación a nivel nacional e internacional.</p>
<p>&nbsp;&#8211; Promover la creación de la documentación ordenada de la arquitectura y el urbanismo de la República Dominicana. &#8211; Organizar eventos que promuevan el conocimiento de los valores arquitectónicos y urbanísticos dominicanos, así como de los valores del patrimonio cultural y natural de la nación.</p>
<p>&nbsp;&#8211; Publicar trabajos de investigación y estudios específicos de la arquitectura y el urbanismo local. &#8211; Contribuir a la formación de especialistas en el campo de la investigación histórica, la teoría arquitectónica, la literatura y la conservación del patrimonio.</p>
<p>&nbsp;&#8211; Asesorar al sector público y privado para el diseño y construcción y conservación de edificaciones que contribuyan al desarrollo urbanístico tanto a nivel nacional como internacional.</p>

<p>El objeto principal de la Fundación Palm, Inc., es el fomento de la investigación, la divulgación y promoción del patrimonio cultural y natural dominicanos y de la región del Caribe, no siendo esto limitativo y a título enunciativo se dedica a &#8211; Recopilar, investigar, divulgar, promover y publicar la obra y pensamiento de Erwin Walter [&hellip;]</p>
