{"id":30,"date":"2010-08-14T17:24:55","date_gmt":"2022-08-01T19:39:03","guid":{"rendered":"http:\/\/n.fundacionpalm.org\/index.php\/contactos\/"},"modified":"2022-08-30T21:49:02","modified_gmt":"2022-08-31T01:49:02","slug":"contactos","status":"publish","type":"page","link":"https:\/\/fundacionpalm.org\/index.php\/contactos\/","title":{"rendered":"Contactos"},"content":{"rendered":"<p><strong>La Direcci\u00f3n Postal de la Fundaci\u00f3n Erwin Walter Palm es:<\/strong><br \/>\nAv. Gustavo Mej\u00eda Ricart 83, Plaza Andaluc\u00eda I, local 17B, Piantini,<br \/>\nC\u00f3digo Postal 10127, Santo Domingo, Rep\u00fablica Dominicana<\/p>\n<p><strong>Tel\u00e9fono: <\/strong>+ 1 (809) 732.5599 |<\/p>\n<p><strong>Email:<\/strong>\u00a0<a href=\"mailto:Info@fundacionpalm.org\">Info@fundacionpalm.org<\/a><\/p>\n","protected":false},"excerpt":{"rendered":"<p>La Direcci\u00f3n Postal de la Fundaci\u00f3n Erwin Walter Palm es: Av. Gustavo Mej\u00eda Ricart 83, Plaza Andaluc\u00eda I, local 17B, Piantini, C\u00f3digo Postal 10127, Santo Domingo, Rep\u00fablica Dominicana Tel\u00e9fono: + 1 (809) 732.5599 | Email:\u00a0Info@fundacionpalm.org<\/p>\n","protected":false},"author":1,"featured_media":0,"parent":0,"menu_order":0,"comment_status":"closed","ping_status":"closed","template":"","meta":{"footnotes":""},"class_list":["post-30","page","type-page","status-publish","hentry"],"_links":{"self":[{"href":"https:\/\/fundacionpalm.org\/index.php\/wp-json\/wp\/v2\/pages\/30","targetHints":{"allow":["GET"]}}],"collection":[{"href":"https:\/\/fundacionpalm.org\/index.php\/wp-json\/wp\/v2\/pages"}],"about":[{"href":"https:\/\/fundacionpalm.org\/index.php\/wp-json\/wp\/v2\/types\/page"}],"author":[{"embeddable":true,"href":"https:\/\/fundacionpalm.org\/index.php\/wp-json\/wp\/v2\/users\/1"}],"replies":[{"embeddable":true,"href":"https:\/\/fundacionpalm.org\/index.php\/wp-json\/wp\/v2\/comments?post=30"}],"version-history":[{"count":2,"href":"https:\/\/fundacionpalm.org\/index.php\/wp-json\/wp\/v2\/pages\/30\/revisions"}],"predecessor-version":[{"id":348,"href":"https:\/\/fundacionpalm.org\/index.php\/wp-json\/wp\/v2\/pages\/30\/revisions\/348"}],"wp:attachment":[{"href":"https:\/\/fundacionpalm.org\/index.php\/wp-json\/wp\/v2\/media?parent=30"}],"curies":[{"name":"wp","href":"https:\/\/api.w.org\/{rel}","templated":true}]}}

<p><strong>La Dirección Postal de la Fundación Erwin Walter Palm es:</strong><br />
Av. Gustavo Mejía Ricart 83, Plaza Andalucía I, local 17B, Piantini,<br />
Código Postal 10127, Santo Domingo, República Dominicana</p>
<p><strong>Teléfono: </strong>+ 1 (809) 732.5599 |</p>
<p><strong>Email:</strong> <a href="mailto:Info@fundacionpalm.org">Info@fundacionpalm.org</a></p>

<p>La Dirección Postal de la Fundación Erwin Walter Palm es: Av. Gustavo Mejía Ricart 83, Plaza Andalucía I, local 17B, Piantini, Código Postal 10127, Santo Domingo, República Dominicana Teléfono: + 1 (809) 732.5599 | Email: Info@fundacionpalm.org</p>
