{"id":29,"date":"2010-08-14T17:24:55","date_gmt":"2022-08-01T19:35:18","guid":{"rendered":"http:\/\/n.fundacionpalm.org\/index.php\/ambito-de-trabajo\/"},"modified":"2022-08-30T22:26:31","modified_gmt":"2022-08-31T02:26:31","slug":"ambito","status":"publish","type":"page","link":"https:\/\/fundacionpalm.org\/index.php\/ambito\/","title":{"rendered":"\u00c1mbito de trabajo"},"content":{"rendered":"<p>Una de las preocupaciones m\u00e1s recientes de la Fundaci\u00f3n Erwin Walter Palm, Inc., es el medio ambiente. Y ha enfocado sus esfuerzos a la defensa y promoci\u00f3n del patrimonio natural de la Rep\u00fablica Dominicana.<\/p>\n<p>En junio de 2009 organiz\u00f3 el primer Seminario de Arquitectura y Medio Ambiente de la Rep\u00fablica Dominicana, junto a la Secretar\u00eda de Estado de Medio Ambiente y Recursos Naturales, donde se tocaron temas importantes sobre el tema y se logr\u00f3 firmar el &#8220;Manifiesto Verde de Santo Domingo&#8221;, un compromiso de los arquitectos dominicanos por dise\u00f1ar y construir con gran responsabilidad y respeto al entorno natural y a los recursos naturales donde se desarrollar\u00e1n los dise\u00f1os arquitect\u00f3nicos y urbanos.<\/p>\n<p>La Fundaci\u00f3n Erwin Walter Palm. Inc, ha participado y auspiciado m\u00faltiples iniciativas relacionadas con la arquitectura y el urbanismo, tales como seminarios internacionales, el primer Congreso de Ciudades Caribe\u00f1as a bordo del barco trasatl\u00e1ntico Costa Atl\u00e1ntica (febrero de 2009), concursos de dise\u00f1o, inventarios urbanos y arquitect\u00f3nicos, promoci\u00f3n de j\u00f3venes arquitectos, tertulias y exposiciones, concursos de fotograf\u00edas, recorridos por lugares patrimoniales, reconocimientos y premiaciones, la Bienal Internacional de Arquitectura de Santo Domingo, publicaciones de art\u00edculos y libros, adem\u00e1s de la presencia de sus miembros en un importante n\u00famero de eventos y actividades del sector de la arquitectura, el urbanismo, el patrimonio natural, el patrimonio cultural y recientemente, en la literatura.<\/p>\n","protected":false},"excerpt":{"rendered":"<p>Una de las preocupaciones m\u00e1s recientes de la Fundaci\u00f3n Erwin Walter Palm, Inc., es el medio ambiente. Y ha enfocado sus esfuerzos a la defensa y promoci\u00f3n del patrimonio natural de la Rep\u00fablica Dominicana. En junio de 2009 organiz\u00f3 el primer Seminario de Arquitectura y Medio Ambiente de la Rep\u00fablica Dominicana, junto a la Secretar\u00eda [&hellip;]<\/p>\n","protected":false},"author":1,"featured_media":0,"parent":0,"menu_order":0,"comment_status":"closed","ping_status":"closed","template":"","meta":{"footnotes":""},"class_list":["post-29","page","type-page","status-publish","hentry"],"_links":{"self":[{"href":"https:\/\/fundacionpalm.org\/index.php\/wp-json\/wp\/v2\/pages\/29","targetHints":{"allow":["GET"]}}],"collection":[{"href":"https:\/\/fundacionpalm.org\/index.php\/wp-json\/wp\/v2\/pages"}],"about":[{"href":"https:\/\/fundacionpalm.org\/index.php\/wp-json\/wp\/v2\/types\/page"}],"author":[{"embeddable":true,"href":"https:\/\/fundacionpalm.org\/index.php\/wp-json\/wp\/v2\/users\/1"}],"replies":[{"embeddable":true,"href":"https:\/\/fundacionpalm.org\/index.php\/wp-json\/wp\/v2\/comments?post=29"}],"version-history":[{"count":3,"href":"https:\/\/fundacionpalm.org\/index.php\/wp-json\/wp\/v2\/pages\/29\/revisions"}],"predecessor-version":[{"id":357,"href":"https:\/\/fundacionpalm.org\/index.php\/wp-json\/wp\/v2\/pages\/29\/revisions\/357"}],"wp:attachment":[{"href":"https:\/\/fundacionpalm.org\/index.php\/wp-json\/wp\/v2\/media?parent=29"}],"curies":[{"name":"wp","href":"https:\/\/api.w.org\/{rel}","templated":true}]}}